[INFO] cloning repository https://github.com/BotAngus/chip_8
[INFO] running `Command { std: "git" "-c" "credential.helper=" "-c" "credential.helper=/workspace/cargo-home/bin/git-credential-null" "clone" "--bare" "https://github.com/BotAngus/chip_8" "/workspace/cache/git-repos/https%3A%2F%2Fgithub.com%2FBotAngus%2Fchip_8", kill_on_drop: false }`
[INFO] [stderr] Cloning into bare repository '/workspace/cache/git-repos/https%3A%2F%2Fgithub.com%2FBotAngus%2Fchip_8'...
[INFO] running `Command { std: "git" "rev-parse" "HEAD", kill_on_drop: false }`
[INFO] [stdout] f5295caea2a1b7997e1a6404ec7ba69d0cd5cea0
[INFO] checking BotAngus/chip_8 against master#e6e4f7ed1589e03bc2f6c5931c1a72e7947e8682 for beta-170-4
[INFO] running `Command { std: "git" "clone" "/workspace/cache/git-repos/https%3A%2F%2Fgithub.com%2FBotAngus%2Fchip_8" "/workspace/builds/worker-2-tc2/source", kill_on_drop: false }`
[INFO] [stderr] Cloning into '/workspace/builds/worker-2-tc2/source'...
[INFO] [stderr] done.
[INFO] validating manifest of git repo https://github.com/BotAngus/chip_8 on toolchain e6e4f7ed1589e03bc2f6c5931c1a72e7947e8682
[INFO] running `Command { std: CARGO_HOME="/workspace/cargo-home" RUSTUP_HOME="/workspace/rustup-home" "/workspace/cargo-home/bin/cargo" "+e6e4f7ed1589e03bc2f6c5931c1a72e7947e8682" "metadata" "--manifest-path" "Cargo.toml" "--no-deps", kill_on_drop: false }`
[INFO] started tweaking git repo https://github.com/BotAngus/chip_8
[INFO] finished tweaking git repo https://github.com/BotAngus/chip_8
[INFO] tweaked toml for git repo https://github.com/BotAngus/chip_8 written to /workspace/builds/worker-2-tc2/source/Cargo.toml
[INFO] crate git repo https://github.com/BotAngus/chip_8 already has a lockfile, it will not be regenerated
[INFO] running `Command { std: CARGO_HOME="/workspace/cargo-home" RUSTUP_HOME="/workspace/rustup-home" "/workspace/cargo-home/bin/cargo" "+e6e4f7ed1589e03bc2f6c5931c1a72e7947e8682" "fetch" "--manifest-path" "Cargo.toml", kill_on_drop: false }`
[INFO] running `Command { std: "docker" "create" "-v" "/var/lib/crater-agent-workspace/builds/worker-2-tc2/target:/opt/rustwide/target:rw,Z" "-v" "/var/lib/crater-agent-workspace/builds/worker-2-tc2/source:/opt/rustwide/workdir:ro,Z" "-v" "/var/lib/crater-agent-workspace/cargo-home:/opt/rustwide/cargo-home:ro,Z" "-v" "/var/lib/crater-agent-workspace/rustup-home:/opt/rustwide/rustup-home:ro,Z" "-e" "SOURCE_DIR=/opt/rustwide/workdir" "-e" "CARGO_TARGET_DIR=/opt/rustwide/target" "-e" "CARGO_HOME=/opt/rustwide/cargo-home" "-e" "RUSTUP_HOME=/opt/rustwide/rustup-home" "-w" "/opt/rustwide/workdir" "-m" "1610612736" "--user" "0:0" "--network" "none" "ghcr.io/rust-lang/crates-build-env/linux@sha256:19e73879b68f455e41552ea35293514db52ea292d993f571636dbffedb77a1ee" "/opt/rustwide/cargo-home/bin/cargo" "+e6e4f7ed1589e03bc2f6c5931c1a72e7947e8682" "metadata" "--no-deps" "--format-version=1", kill_on_drop: false }`
[INFO] [stdout] 5975125d2f850565d187ed78d4e125e8dc903fc38f3464f03ee5148408d53da7
[INFO] running `Command { std: "docker" "start" "-a" "5975125d2f850565d187ed78d4e125e8dc903fc38f3464f03ee5148408d53da7", kill_on_drop: false }`
[INFO] running `Command { std: "docker" "inspect" "5975125d2f850565d187ed78d4e125e8dc903fc38f3464f03ee5148408d53da7", kill_on_drop: false }`
[INFO] running `Command { std: "docker" "rm" "-f" "5975125d2f850565d187ed78d4e125e8dc903fc38f3464f03ee5148408d53da7", kill_on_drop: false }`
[INFO] [stdout] 5975125d2f850565d187ed78d4e125e8dc903fc38f3464f03ee5148408d53da7
[INFO] running `Command { std: "docker" "create" "-v" "/var/lib/crater-agent-workspace/builds/worker-2-tc2/target:/opt/rustwide/target:rw,Z" "-v" "/var/lib/crater-agent-workspace/builds/worker-2-tc2/source:/opt/rustwide/workdir:ro,Z" "-v" "/var/lib/crater-agent-workspace/cargo-home:/opt/rustwide/cargo-home:ro,Z" "-v" "/var/lib/crater-agent-workspace/rustup-home:/opt/rustwide/rustup-home:ro,Z" "-e" "SOURCE_DIR=/opt/rustwide/workdir" "-e" "CARGO_TARGET_DIR=/opt/rustwide/target" "-e" "CARGO_INCREMENTAL=0" "-e" "RUST_BACKTRACE=full" "-e" "RUSTFLAGS=--cap-lints=forbid" "-e" "RUSTDOCFLAGS=--cap-lints=forbid" "-e" "CARGO_HOME=/opt/rustwide/cargo-home" "-e" "RUSTUP_HOME=/opt/rustwide/rustup-home" "-w" "/opt/rustwide/workdir" "-m" "1610612736" "--user" "0:0" "--network" "none" "ghcr.io/rust-lang/crates-build-env/linux@sha256:19e73879b68f455e41552ea35293514db52ea292d993f571636dbffedb77a1ee" "/opt/rustwide/cargo-home/bin/cargo" "+e6e4f7ed1589e03bc2f6c5931c1a72e7947e8682" "check" "--frozen" "--all" "--all-targets" "--message-format=json", kill_on_drop: false }`
[INFO] [stdout] fcf5048040def155e691a7c22d4bef9f2ecbf503ab9e6e626872c08552a9b5d3
[INFO] running `Command { std: "docker" "start" "-a" "fcf5048040def155e691a7c22d4bef9f2ecbf503ab9e6e626872c08552a9b5d3", kill_on_drop: false }`
[INFO] [stderr]    Compiling cc v1.0.73
[INFO] [stderr]    Compiling version-compare v0.1.0
[INFO] [stderr]    Compiling libc v0.2.126
[INFO] [stderr]    Compiling sdl2 v0.35.2
[INFO] [stderr]    Compiling cmake v0.1.48
[INFO] [stderr]    Compiling sdl2-sys v0.35.2
[INFO] [stderr]     Checking chip_8 v0.1.0 (/opt/rustwide/workdir)
[INFO] [stdout] warning: unused import: `sdl2::sys::Screen`
[INFO] [stdout]  --> src/chip8.rs:3:5
[INFO] [stdout]   |
[INFO] [stdout] 3 | use sdl2::sys::Screen;
[INFO] [stdout]   |     ^^^^^^^^^^^^^^^^^
[INFO] [stdout]   |
[INFO] [stdout]   = note: `#[warn(unused_imports)]` on by default
[INFO] [stdout] 
[INFO] [stdout] 
[INFO] [stdout] warning: unused imports: `X`, `Y`
[INFO] [stdout]  --> src/chip8.rs:9:43
[INFO] [stdout]   |
[INFO] [stdout] 9 |     register::{Register, Registers, I, T, X, Y},
[INFO] [stdout]   |                                           ^  ^
[INFO] [stdout] 
[INFO] [stdout] 
[INFO] [stdout] warning: unused import: `sdl2::sys::Screen`
[INFO] [stdout]  --> src/chip8.rs:3:5
[INFO] [stdout]   |
[INFO] [stdout] 3 | use sdl2::sys::Screen;
[INFO] [stdout]   |     ^^^^^^^^^^^^^^^^^
[INFO] [stdout]   |
[INFO] [stdout]   = note: `#[warn(unused_imports)]` on by default
[INFO] [stdout] 
[INFO] [stdout] 
[INFO] [stdout] warning: unused imports: `X`, `Y`
[INFO] [stdout]  --> src/chip8.rs:9:43
[INFO] [stdout]   |
[INFO] [stdout] 9 |     register::{Register, Registers, I, T, X, Y},
[INFO] [stdout]   |                                           ^  ^
[INFO] [stdout] 
[INFO] [stdout] 
[INFO] [stdout] error[E0277]: the trait bound `usize: From<Address>` is not satisfied
[INFO] [stdout]   --> src/chip8.rs:68:31
[INFO] [stdout]    |
[INFO] [stdout] 68 |         let opcode: Opcode = (self.memory[self.pc], self.memory[self.pc + 1_usize.into()])
[INFO] [stdout]    |                               ^^^^^^^^^^^^^^^^^^^^ the trait `From<Address>` is not implemented for `usize`
[INFO] [stdout]    |
[INFO] [stdout]    = help: the following other types implement trait `From<T>`:
[INFO] [stdout]              <usize as From<NonZeroUsize>>
[INFO] [stdout]              <usize as From<bool>>
[INFO] [stdout]              <usize as From<std::ptr::Alignment>>
[INFO] [stdout]              <usize as From<u16>>
[INFO] [stdout]              <usize as From<u8>>
[INFO] [stdout]    = note: required for `Address` to implement `Into<usize>`
[INFO] [stdout] note: required for `Memory` to implement `Index<Address>`
[INFO] [stdout]   --> src/memory.rs:18:9
[INFO] [stdout]    |
[INFO] [stdout] 18 | impl<T> Index<T> for Memory
[INFO] [stdout]    |         ^^^^^^^^     ^^^^^^
[INFO] [stdout] 19 | where
[INFO] [stdout] 20 |     T: Into<usize> + From<Address>,
[INFO] [stdout]    |        ----------- unsatisfied trait bound introduced here
[INFO] [stdout] 
[INFO] [stdout] 
[INFO] [stdout] error[E0277]: the trait bound `usize: From<Address>` is not satisfied
[INFO] [stdout]   --> src/chip8.rs:68:31
[INFO] [stdout]    |
[INFO] [stdout] 68 |         let opcode: Opcode = (self.memory[self.pc], self.memory[self.pc + 1_usize.into()])
[INFO] [stdout]    |                               ^^^^^^^^^^^^^^^^^^^^ the trait `From<Address>` is not implemented for `usize`
[INFO] [stdout]    |
[INFO] [stdout]    = help: the following other types implement trait `From<T>`:
[INFO] [stdout]              <usize as From<NonZeroUsize>>
[INFO] [stdout]              <usize as From<bool>>
[INFO] [stdout]              <usize as From<std::ptr::Alignment>>
[INFO] [stdout]              <usize as From<u16>>
[INFO] [stdout]              <usize as From<u8>>
[INFO] [stdout]    = note: required for `Address` to implement `Into<usize>`
[INFO] [stdout] note: required for `Memory` to implement `Index<Address>`
[INFO] [stdout]   --> src/memory.rs:18:9
[INFO] [stdout]    |
[INFO] [stdout] 18 | impl<T> Index<T> for Memory
[INFO] [stdout]    |         ^^^^^^^^     ^^^^^^
[INFO] [stdout] 19 | where
[INFO] [stdout] 20 |     T: Into<usize> + From<Address>,
[INFO] [stdout]    |        ----------- unsatisfied trait bound introduced here
[INFO] [stdout] 
[INFO] [stdout] 
[INFO] [stdout] error[E0277]: the trait bound `usize: From<Address>` is not satisfied
[INFO] [stdout]   --> src/chip8.rs:68:53
[INFO] [stdout]    |
[INFO] [stdout] 68 |         let opcode: Opcode = (self.memory[self.pc], self.memory[self.pc + 1_usize.into()])
[INFO] [stdout]    |                                                     ^^^^^^^^^^^^^^^^^^^^^^^^^^^^^^^^^^^^^ the trait `From<Address>` is not implemented for `usize`
[INFO] [stdout]    |
[INFO] [stdout]    = help: the following other types implement trait `From<T>`:
[INFO] [stdout]              <usize as From<NonZeroUsize>>
[INFO] [stdout]              <usize as From<bool>>
[INFO] [stdout]              <usize as From<std::ptr::Alignment>>
[INFO] [stdout]              <usize as From<u16>>
[INFO] [stdout]              <usize as From<u8>>
[INFO] [stdout]    = note: required for `Address` to implement `Into<usize>`
[INFO] [stdout] note: required for `Memory` to implement `Index<Address>`
[INFO] [stdout]   --> src/memory.rs:18:9
[INFO] [stdout]    |
[INFO] [stdout] 18 | impl<T> Index<T> for Memory
[INFO] [stdout]    |         ^^^^^^^^     ^^^^^^
[INFO] [stdout] 19 | where
[INFO] [stdout] 20 |     T: Into<usize> + From<Address>,
[INFO] [stdout]    |        ----------- unsatisfied trait bound introduced here
[INFO] [stdout] 
[INFO] [stdout] 
[INFO] [stdout] error[E0277]: the trait bound `usize: From<Address>` is not satisfied
[INFO] [stdout]   --> src/chip8.rs:68:53
[INFO] [stdout]    |
[INFO] [stdout] 68 |         let opcode: Opcode = (self.memory[self.pc], self.memory[self.pc + 1_usize.into()])
[INFO] [stdout]    |                                                     ^^^^^^^^^^^^^^^^^^^^^^^^^^^^^^^^^^^^^ the trait `From<Address>` is not implemented for `usize`
[INFO] [stdout]    |
[INFO] [stdout]    = help: the following other types implement trait `From<T>`:
[INFO] [stdout]              <usize as From<NonZeroUsize>>
[INFO] [stdout]              <usize as From<bool>>
[INFO] [stdout]              <usize as From<std::ptr::Alignment>>
[INFO] [stdout]              <usize as From<u16>>
[INFO] [stdout]              <usize as From<u8>>
[INFO] [stdout]    = note: required for `Address` to implement `Into<usize>`
[INFO] [stdout] note: required for `Memory` to implement `Index<Address>`
[INFO] [stdout]   --> src/memory.rs:18:9
[INFO] [stdout]    |
[INFO] [stdout] 18 | impl<T> Index<T> for Memory
[INFO] [stdout]    |         ^^^^^^^^     ^^^^^^
[INFO] [stdout] 19 | where
[INFO] [stdout] 20 |     T: Into<usize> + From<Address>,
[INFO] [stdout]    |        ----------- unsatisfied trait bound introduced here
[INFO] [stdout] 
[INFO] [stdout] 
[INFO] [stdout] error[E0277]: the trait bound `usize: From<Register<register::I>>` is not satisfied
[INFO] [stdout]    --> src/chip8.rs:154:45
[INFO] [stdout]     |
[INFO] [stdout] 154 |                     let i: Address = self.i.into();
[INFO] [stdout]     |                                             ^^^^ the trait `From<Register<register::I>>` is not implemented for `usize`
[INFO] [stdout]     |
[INFO] [stdout]     = help: the following other types implement trait `From<T>`:
[INFO] [stdout]               <usize as From<NonZeroUsize>>
[INFO] [stdout]               <usize as From<bool>>
[INFO] [stdout]               <usize as From<std::ptr::Alignment>>
[INFO] [stdout]               <usize as From<u16>>
[INFO] [stdout]               <usize as From<u8>>
[INFO] [stdout]     = note: required for `Register<register::I>` to implement `Into<usize>`
[INFO] [stdout] note: required for `Address` to implement `From<Register<register::I>>`
[INFO] [stdout]    --> src/address.rs:6:9
[INFO] [stdout]     |
[INFO] [stdout] 6   | impl<U> From<U> for Address
[INFO] [stdout]     |         ^^^^^^^     ^^^^^^^
[INFO] [stdout] 7   | where
[INFO] [stdout] 8   |     U: Into<usize>,
[INFO] [stdout]     |        ----------- unsatisfied trait bound introduced here
[INFO] [stdout]     = note: 1 redundant requirement hidden
[INFO] [stdout]     = note: required for `Register<register::I>` to implement `Into<Address>`
[INFO] [stdout] 
[INFO] [stdout] 
[INFO] [stdout] error[E0277]: the trait bound `usize: From<Register<register::I>>` is not satisfied
[INFO] [stdout]    --> src/chip8.rs:154:45
[INFO] [stdout]     |
[INFO] [stdout] 154 |                     let i: Address = self.i.into();
[INFO] [stdout]     |                                             ^^^^ the trait `From<Register<register::I>>` is not implemented for `usize`
[INFO] [stdout]     |
[INFO] [stdout]     = help: the following other types implement trait `From<T>`:
[INFO] [stdout]               <usize as From<NonZeroUsize>>
[INFO] [stdout]               <usize as From<bool>>
[INFO] [stdout]               <usize as From<std::ptr::Alignment>>
[INFO] [stdout]               <usize as From<u16>>
[INFO] [stdout]               <usize as From<u8>>
[INFO] [stdout]     = note: required for `Register<register::I>` to implement `Into<usize>`
[INFO] [stdout] note: required for `Address` to implement `From<Register<register::I>>`
[INFO] [stdout]    --> src/address.rs:6:9
[INFO] [stdout]     |
[INFO] [stdout] 6   | impl<U> From<U> for Address
[INFO] [stdout]     |         ^^^^^^^     ^^^^^^^
[INFO] [stdout] 7   | where
[INFO] [stdout] 8   |     U: Into<usize>,
[INFO] [stdout]     |        ----------- unsatisfied trait bound introduced here
[INFO] [stdout]     = note: 1 redundant requirement hidden
[INFO] [stdout]     = note: required for `Register<register::I>` to implement `Into<Address>`
[INFO] [stdout] 
[INFO] [stdout] 
[INFO] [stdout] error[E0277]: cannot add `Address` to `u8`
[INFO] [stdout]    --> src/chip8.rs:159:36
[INFO] [stdout]     |
[INFO] [stdout] 159 |                         let y = (y + i) % 64;
[INFO] [stdout]     |                                    ^ no implementation for `u8 + Address`
[INFO] [stdout]     |
[INFO] [stdout]     = help: the trait `std::ops::Add<Address>` is not implemented for `u8`
[INFO] [stdout]     = help: the following other types implement trait `std::ops::Add<Rhs>`:
[INFO] [stdout]               <&'a u8 as std::ops::Add<u8>>
[INFO] [stdout]               <&u8 as std::ops::Add<&u8>>
[INFO] [stdout]               <u8 as std::ops::Add<&u8>>
[INFO] [stdout]               <u8 as std::ops::Add>
[INFO] [stdout] 
[INFO] [stdout] 
[INFO] [stdout] error[E0277]: cannot add `Address` to `u8`
[INFO] [stdout]    --> src/chip8.rs:159:36
[INFO] [stdout]     |
[INFO] [stdout] 159 |                         let y = (y + i) % 64;
[INFO] [stdout]     |                                    ^ no implementation for `u8 + Address`
[INFO] [stdout]     |
[INFO] [stdout]     = help: the trait `std::ops::Add<Address>` is not implemented for `u8`
[INFO] [stdout]     = help: the following other types implement trait `std::ops::Add<Rhs>`:
[INFO] [stdout]               <&'a u8 as std::ops::Add<u8>>
[INFO] [stdout]               <&u8 as std::ops::Add<&u8>>
[INFO] [stdout]               <u8 as std::ops::Add<&u8>>
[INFO] [stdout]               <u8 as std::ops::Add>
[INFO] [stdout] 
[INFO] [stdout] 
[INFO] [stdout] error: aborting due to 4 previous errors; 2 warnings emitted
[INFO] [stdout] 
[INFO] [stdout] 
[INFO] [stdout] For more information about this error, try `rustc --explain E0277`.
[INFO] [stdout] 
[INFO] [stdout] error: aborting due to 4 previous errors; 2 warnings emitted
[INFO] [stdout] 
[INFO] [stdout] 
[INFO] [stdout] For more information about this error, try `rustc --explain E0277`.
[INFO] [stdout] 
[INFO] [stderr] error: could not compile `chip_8` (bin "chip_8" test) due to 5 previous errors; 2 warnings emitted
[INFO] [stderr] warning: build failed, waiting for other jobs to finish...
[INFO] [stderr] error: could not compile `chip_8` (bin "chip_8") due to 5 previous errors; 2 warnings emitted
[INFO] running `Command { std: "docker" "inspect" "fcf5048040def155e691a7c22d4bef9f2ecbf503ab9e6e626872c08552a9b5d3", kill_on_drop: false }`
[INFO] running `Command { std: "docker" "rm" "-f" "fcf5048040def155e691a7c22d4bef9f2ecbf503ab9e6e626872c08552a9b5d3", kill_on_drop: false }`
[INFO] [stdout] fcf5048040def155e691a7c22d4bef9f2ecbf503ab9e6e626872c08552a9b5d3
